764371?
1
What is the hundred millions digit of 266696184?
2
What is the hundred thousands digit of 136259460?
2
What is the millions digit of 48950151?
8
What is the thousands digit of 129550553?
0
What is the hundreds digit of 424834538?
5
What is the thousands digit of 3970317547?
7
What is the units digit of 531346094?
4
What is the thousands digit of 7962044?
2
What is the ten millions digit of 164891134?
6
What is the hundred thousands digit of 6439581?
4
What is the hundred thousands digit of 369589683?
5
What is the thousands digit of 9682836?
2
What is the ten millions digit of 38466132?
3
What is the tens digit of 140614486?
8
What is the units digit of 46326282?
2
What is the ten thousands digit of 135730199?
3
What is the ten millions digit of 1099617919?
9
What is the units digit of 1006208733?
3
What is the thousands digit of 388172665?
2
What is the tens digit of 107667481?
8
What is the billions digit of 1021944717?
1
What is the hundreds digit of 654906170?
1
What is the units digit of 82868712?
2
What is the hundred millions digit of 1868852482?
8
What is the hundreds digit of 2556014860?
8
What is the ten thousands digit of 430332772?
3
What is the tens digit of 254067351?
5
What is the hundreds digit of 176782543?
5
What is the hundreds digit of 9970544?
5
What is the ten thousands digit of 865387362?
8
What is the thousands digit of 15983360?
3
What is the hundred thousands digit of 306617654?
6
What is the hundreds digit of 29565702?
7
What is the thousands digit of 6507918908?
8
What is the hundred thousands digit of 102408466?
4
What is the hundred thousands digit of 23026105?
0
What is the billions digit of 1472519330?
1
What is the thousands digit of 83605172?
5
What is the hundreds digit of 856575374?
3
What is the ten millions digit of 61468927?
6
What is the units digit of 35193666?
6
What is the hundred millions digit of 211037923?
2
What is the thousands digit of 155995726?
5
What is the hundreds digit of 5757573?
5
What is the ten thousands digit of 1779612634?
1
What is the tens digit of 97834220?
2
What is the ten millions digit of 18550936?
1
What is the hundreds digit of 46214874?
8
What is the ten thousands digit of 337008765?
0
What is the ten millions digit of 138119475?
3
What is the thousands digit of 26692767?
2
What is the tens digit of 34250491?
9
What is the ten thousands digit of 1955197?
5
What is the units digit of 315777574?
4
What is the hundreds digit of 49689383?
3
What is the millions digit of 18018486?
8
What is the tens digit of 25874141?
4
What is the ten millions digit of 391230171?
9
What is the tens digit of 2424465623?
2
What is the ten thousands digit of 517024213?
2
What is the units digit of 11050524?
4
What is the ten thousands digit of 41667819?
6
What is the units digit of 70988974?
4
What is the ten thousands digit of 1158033?
5
What is the thousands digit of 423233271?
3
What is the ten millions digit of 57402051?
5
What is the hundred thousands digit of 126870813?
8
What is the hundreds digit of 54217093?
0
What is the hundred thousands digit of 21208001?
2
What is the ten thousands digit of 49858502?
5
What is the ten millions digit of 3361077169?
6
What is the tens digit of 81878099?
9
What is the tens digit of 2115295322?
2
What is the tens digit of 16680271?
7
What is the tens digit of 2771945201?
0
What is the ten millions digit of 46727754?
4
What is the millions digit of 1805823554?
5
What is the ten thousands digit of 2207587339?
8
What is the ten millions digit of 75969502?
7
What is the units digit of 47974554?
4
What is the units digit of 2831328809?
9
What is the hundred millions digit of 104090925?
1
What is the tens digit of 92238083?
8
What is the hundred millions digit of 400349642?
4
What is the hundred thousands digit of 383571734?
5
What is the hundred thousands digit of 48398186?
3
What is the units digit of 8454766?
6
What is the hundred thousands digit of 1030681714?
6
What is the hundred thousands digit of 97455733?
4
What is the tens digit of 611053775?
7
What is the thousands digit of 24454573?
4
What is the thousands digit of 10245741?
5
What is the ten millions digit of 48868908?
4
What is the hundreds digit of 89709069?
0
What is the hundreds digit of 990116283?
2
What is the hundred thousands digit of 100580241?
5
What is the ten thousands digit of 317189606?
8
What is the millions digit of 220283974?
0
What is the hundred millions digit of 209880488?
2
What is the thousands digit of 18761332?
1
What is the ten thousands digit of 87150511?
5
What is the units digit of 56457922?
2
What is the hundred thousands digit of 1474344266?
3
What is the thousands digit of 17656652?
6
What is the ten thousands digit of 110237037?
3
What is the hundred thousands digit of 422916552?
9
What is the millions digit of 318179703?
8
What is the tens digit of 62670926?
2
What is the hundred thousands digit of 327250239?
2
What is the ten millions digit of 914927144?
1
What is the ten thousands digit of 167768334?
6
What is the units digit of 297263239?
9
What is the thousands digit of 352550717?
0
What is the hundreds digit of 38434096?
0
What is the ten millions digit of 753351829?
5
What is the hundred thousands digit of 56190284?
1
What is the hundreds digit of 796124228?
2
What is the ten millions digit of 488099715?
8
What is the tens digit of 1928026827?
2
What is the ten millions digit of 282434437?
8
What is the hundreds digit of 44821984?
9
What is the hundred millions digit of 171997687?
1
What is the tens digit of 567486065?
6
What is the hundred thousands digit of 305059316?
0
What is the millions digit of 19007474?
9
What is the ten thousands digit of 434356654?
5
What is the thousands digit of 107783894?
3
What is the ten millions digit of 44942101?
4
What is the ten millions digit of 899477367?
9
What is the thousands digit of 410861295?
1
What is the tens digit of 91126836?
3
What is the units digit of 422077629?
9
What is the hundreds digit of 37396003?
0
What is the ten thousands digit of 44713241?
1
What is the millions digit of 8850617?
8
What is the tens digit of 45444107?
0
What is the units digit of 40496532?
2
What is the units digit of 75769715?
5
What is the millions digit of 503319933?
3
What is the millions digit of 73927169?
3
What is the tens digit of 156628719?
1
What is the millions digit of 592161378?
2
What is the units digit of 72124750?
0
What is the millions digit of 216458270?
6
What is the ten millions digit of 1229338448?
2
What is the units digit of 195274617?
7
What is the hundreds digit of 47632654?
6
What is the millions digit of 102437264?
2
What is the hundred thousands digit of 71124783?
1
What is the thousands digit of 530726202?
6
What is the units digit of 119959898?
8
What is the ten millions digit of 95304616?
9
What is the units digit of 4452893839?
9
What is the ten thousands digit of 48901179?
0
What is the thousands digit of 89967986?
7
What is the hundreds digit of 170315055?
0
What is the hundred thousands digit of 19134039?
1
What is the millions digit of 683029614?
3
What is the hundreds digit of 66167755?
7
What is the units digit of 106066173?
3
What is the tens digit of 3244381862?
6
What is the tens digit of 294675440?
4
What is the hundred millions digit of 2356916108?
3
What is the ten thousands digit of 543112292?
1
What is the units digit of 17915716?
6
What is the ten thousands digit of 835548797?
4
What is the millions digit of 698223648?
8
What is the ten thousands digit of 314658388?
5
What is the hundreds digit of 166799869?
8
What is the millions digit of 288841636?
8
What is the ten millions digit of 24231754?
2
What is the ten thousands digit of 20966638?
6
What is the hundred millions digit of 2216919671?
2
What is the hundred millions digit of 1203892756?
2
What is the hundreds digit of 115583585?
5
What is the millions digit of 85798015?
5
What is the hundred thousands digit of 999901785?
9
What is the millions digit of 4834803704?
4
What is the units digit of 1807555191?
1
What is the millions digit of 34910901?
4
What is the tens digit of 53603438?
3
What is the tens digit of 96853566?
6
What is the hundreds digit of 2580458946?
9
What is the tens digit of 33094927?
2
What is the un